late the highest common divisor of a and v.
7
Let u(j) = -7*j**3 + 2*j**2 - 1. Let s be u(-1). Suppose 2*w = -s, -2*w + 3*w = 3*v - 382. Calculate the greatest common factor of 14 and v.
14
Suppose 5*y = -4*j + 21, 5*j + 2*y - 3*y - 19 = 0. Let m be 297/6 + j/8. Calculate the highest common factor of 10 and m.
10
Suppose -3*j = -j - 22. Let q(i) = -i**2 - i - 1. Let y be q(-2). Let m be 1 + 0 - 29*y. Calculate the highest common divisor of j and m.
11
Suppose -3*w - 12 = -w + 2*s, 28 = -3*w - 5*s. Let j be -7*6/2*w. What is the greatest common factor of 14 and j?
7
Suppose 4*j + 2 = 18. Suppose 5*x - 22 - 38 = j*l, -5*l - 33 = -x. Suppose -264 = 4*s - 7*s. Calculate the highest common divisor of s and x.
8
Suppose -3*s + 11 + 16 = 0. Calculate the greatest common divisor of s and 1.
1
Suppose 4*c + 3*h - h = -6, -h = -c + 3. Let a(p) = -p**2 + 8. Let y be a(c). Calculate the highest common factor of 40 and y.
8
Let y = 5 - -30. Let k = y - 17. Let i be (-24)/k*(-18)/4. What is the greatest common divisor of i and 12?
6
Suppose 0*m - m = -14. Let v be 1281/63 - 4/(-6). Calculate the greatest common divisor of m and v.
7
Suppose 2*f + 64 = 4*c, -4*c + 47 + 19 = -3*f. What is the highest common divisor of 165 and c?
15
Suppose 5*h + 200 = 5*c, h = 2*c - 0*h - 80. Let g = -11 + 21. What is the highest common divisor of c and g?
10
Let c(t) = -t**2 + 2*t + 9. Let i be c(7). Let u be i/8*(1 - 5). Let q(v) = 47*v + 2. Let l be q(3). Calculate the greatest common factor of u and l.
13
Let o(z) = -z**3 - 5*z**2 - 9*z + 2. Let a be o(-4). Calculate the greatest common divisor of 198 and a.
22
Let y = 18 - 9. Let f = -67 - -112. Calculate the highest common factor of f and y.
9
Suppose 15 = 3*c, 2*c = 4*n - 7 - 7. Let x(t) = 5 - n*t - t - t. Let z be x(-5). What is the highest common factor of z and 5?
5
Suppose u + 0*z - 13 = -2*z, -24 = -3*u - 3*z. Suppose -29 = -u*g - d, -2*g - 3*d + 17 = -0*g. Let i = 111 - 31. What is the greatest common divisor of g and i?
10
Suppose 0 = 14*u - 11*u - 126. Calculate the greatest common factor of 21 and u.
21
Suppose 4*i - 21 = -n + 11, 8 = 2*n. Calculate the highest common factor of 7 and i.
7
Suppose -826 = -17*w + 1775. Calculate the greatest common divisor of w and 17.
17
Let i(t) = t**2 - 3*t + 2. Let p be i(4). Let n = 8 - p. Suppose -3*j = 0, -j - 6 = -2*k - n. What is the highest common factor of 5 and k?
1
Let p(v) = 8*v**2 - 5*v - 8. Let w be p(-2). Calculate the highest common factor of 102 and w.
34
Let f be (-6)/9 + (-19)/3. Let c be 6/(-7)*(f - 0). Suppose 0 = 2*b - 3*q - 28, c*b = 3*b + q + 49. Calculate the greatest common divisor of b and 187.
17
Let m(u) = u**2 + 7*u - 4. Let t be m(-6). Let s be (2 - -20) + 4 + -5. Let b = s + t. Calculate the highest common divisor of b and 88.
11
Let q(t) = -10*t + 2. Let s be q(-3). Suppose -r + 8 = -0*r. Suppose 0 = 4*i - 3*i - r. Calculate the highest common divisor of i and s.
8
Let v(s) = s**3 - 12*s**2 - 85*s + 3. Let p be v(17). Suppose 2*o + 45 = 5*o. Let f be (0 + (0 - -1))*o. Calculate the greatest common factor of f and p.
3
Suppose 5*q = 4*q + 8. Calculate the greatest common divisor of q and 16.
8
Let j = 116 - 61. Calculate the greatest common factor of 11 and j.
11
Suppose 0 = 4*l + k + 397, -7*l - k = -2*l + 496. Let c = -71 - l. Let r be (108/(-72))/(3/(-14)). What is the highest common divisor of c and r?
7
Let q(o) = o**2 + 6*o - 13. Let r be q(-8). Calculate the highest common factor of 1 and r.
1
Let q be 1/1*(3 - 1). Suppose -5*g + 9 = q*m, -m = m - g - 27. What is the greatest common divisor of m and 24?
12
Let g(k) = k + 15. Let o be g(-9). What is the highest common factor of o and 30?
6
Suppose 4*s - 3809 = -3*q, 0*s + 4*s - q - 3813 = 0. Suppose 4*a - s + 337 = 0. What is the highest common factor of 14 and a?
14
Let c(l) = l**3 - 6*l**2 + 3*l - 5. Let j be c(6). Suppose 0*v + 86 = v + p, 202 = 2*v - 4*p. Calculate the greatest common factor of v and j.
13
Suppose 0 = 16*y - 590 - 850. Calculate the greatest common divisor of 20 and y.
10
Suppose -4*d + 8 = -3*j, 2*d + 2 - 6 = j. Let r be ((-3)/(-2))/((-1)/(-2)). Let a = 5 - r. Calculate the greatest common divisor of a and d.
2
Let s be (-3)/2 - (-6)/4. Suppose 2*v + s*v = 28. Suppose 0 = j - y - v, 3*y = j - y - 11. What is the greatest common factor of j and 5?
5
Let q = -28 - -30. Calculate the highest common divisor of 10 and q.
2
Let h = 1 - -11. Suppose 3*j = 6*j - h. What is the highest common factor of 20 and j?
4
Let q(v) = v - 5. Let r be q(-5). Let s(p) = p**3 + 13*p**2 + 10*p - 13. Let z be s(r). What is the greatest common divisor of 17 and z?
17
Let n = 104 + -73. Calculate the highest common divisor of 341 and n.
31
Suppose 3*a + 2*r + 62 = 0, -140 = 3*a + 2*a - 4*r. Let s = -17 - a. What is the highest common factor of 49 and s?
7
Let g be (-6)/((2/(-20))/((-6)/(-45))). Let k(c) = c - 3. Let m be k(5). What is the greatest common factor of m and g?
2
Let v(h) = h - 4. Let k be v(7). Suppose 4*n - k = 17. Suppose 4*l - 2*q - 6 = 0, n*l + 4*q - 30 = -q. What is the highest common divisor of 18 and l?
3
Suppose -3*w - 50 = -5*b + 2*w, 4*w + 26 = 2*b. Calculate the greatest common factor of 56 and b.
7
Let o(u) = -2*u**2 - 24*u + 6. Let j be o(-12). Calculate the highest common divisor of 12 and j.
6
Suppose f - 2 + 4 = 0. Let p be (42 - -2)*2/f. Let w be (p/(-6))/(2/6). Calculate the greatest common factor of w and 11.
11
Let x = -1 + 1. Let a(i) = i**3 - i + 75. Let k be a(x). Calculate the greatest common divisor of k and 15.
15
Let s be 0 + 1 + (-3 - -6). What is the highest common factor of 20 and s?
4
Suppose -f - 22 = 5*l, 5*l + 12 = -4*f - 16. Let d be 33/6 + (-2)/l. Let y(w) = 2*w**2 - 7*w + 5. Let m be y(d). What is the greatest common factor of m and 5?
5
Let j(k) = 2*k**2 - 6*k - 6. Let b be (-12 + 4)*(-22)/4. Let p be 57/11 - 8/b. Let f be j(p). What is the highest common divisor of f and 98?
14
Let z(m) = 4*m**2 - m + 1. Let b(w) = -w**2. Let p(t) = -6*b(t) - z(t). Let l be p(1). What is the highest common divisor of l and 8?
2
Let d(r) = 10*r + 36. Let s be d(9). Let o = 1 - -13. What is the highest common divisor of s and o?
14
Let j be 75*(1 + (-10)/6). Let n = 4 - j. Suppose -2*b + 39 = 5*d, -3*d - 2*d + 54 = -3*b. What is the highest common factor of n and d?
9
Suppose -5*h - 3*w = 5, 8 = 2*h - 2*w - 6. Suppose 5 = -h*d + 1. Let l be (8/(-6))/(d/18). Calculate the highest common factor of 132 and l.
12
Let z(n) = 2*n**2 + 4*n + 3. Let i be z(-2). Suppose 4*f - 25 = 5*g, -g = i*f - 8 - 6. Let a be f - (0 + 0) - 0. What is the greatest common factor of a and 55?
5
Let p(w) = w**3 - 5*w**2 - 6*w - 6. Let q be p(6). Let h be (q/15)/(2/(-50)). Calculate the highest common divisor of 5 and h.
5
Let u be 174 - -2 - 0/(-2). Suppose -9 + 0 = x - 5*b, -5*x + 90 = 2*b. What is the greatest common factor of u and x?
16
Let j = 47 - 14. Suppose 3 = t - 3*q + 6, -4*t = 3*q - j. What is the highest common factor of t and 24?
6
Let m(h) = 3*h - 2. Let x(v) = -v + 7. Let o be x(5). Let n be m(o). Suppose 44 = 4*r - n. Calculate the highest common factor of 6 and r.
6
Let h = 41 - 21. What is the greatest common factor of 50 and h?
10
Let p be ((-24)/(-14))/(((-16)/(-42))/4). Calculate the greatest common factor of 18 and p.
18
Suppose -20 = -2*j + 3*j + 4*c, -c = -5*j + 5. Suppose -3*g - 2*g = j. Suppose g = -3*z + 7*z - 80. What is the highest common divisor of 8 and z?
4
Let r be 14 - (-1 - (-1 - 0)). Suppose -5*b = -4*a - 478, -5*a - 211 = -2*b - 10*a. What is the greatest common factor of r and b?
14
Suppose -2*w = -4*b + 14, b - 4*b - 3*w = -15. Suppose 3*a - 66 = b*x, 98 - 32 = 3*a + x. What is the highest common factor of a and 110?
22
Suppose -5*n - n = -18. Calculate the highest common factor of 33 and n.
3
Let y(u) = -u**3 + 5*u**2 + 7*u - 7. Let t be y(6). Let j be (84/(-10))/(t/(-5)). Let s = 81 + j. What is the greatest common divisor of 26 and s?
13
Suppose -7*f = 4*z - 9*f - 104, -2*z + 64 = 2*f. Calculate the highest common divisor of 21 and z.
7
Suppose -5*m + 73 = 3. What is the highest common divisor of m and 4?
2
Let g = -17 - -41. Let v = -17 + g. Calculate the greatest common factor of v and 63.
7
Let v(y) = y**3 - 3*y**2 - 5*y - 5. Let h be v(